 Let k = -514 + y. Calculate the greatest common divisor of 315 and k.
63
Let o(m) = -2*m - 20. Let q be o(-8). Let f be 1518/391 - q/34. What is the greatest common divisor of f and 4?
4
Suppose -10*g - 28*g = 37*g - 16500. Let o(w) = 11*w**2 + 5*w + 4. Let q be o(-3). What is the greatest common divisor of g and q?
44
Let z(f) = -107*f + 14. Let n be z(4). Let o = n + 440. Suppose -84 = -2*w - 2*w + 5*q, 0 = 3*w + 4*q - 94. What is the greatest common factor of w and o?
26
Let p be (-32*(-14)/1120)/(1/875*1). What is the highest common divisor of 300 and p?
50
Let n be (26312/(-759))/((-2)/18). Calculate the highest common divisor of 3783 and n.
39
Let c be 2/(-7) + 688/7. Suppose 5*l - 247 = -5*s + 4*l, -2*s = -5*l - 88. What is the greatest common divisor of c and s?
49
Let r = -211 - -215. Suppose -r*q + 1323 = -1237. Calculate the greatest common divisor of 40 and q.
40
Let o be (-406)/(-1421)*2758/4. What is the highest common divisor of o and 2?
1
Let i(l) = 137*l - 1367. Let q be i(10). What is the greatest common divisor of q and 531?
3
Suppose 3*b = -3*w + 1317, -2*w - w + 5*b = -1277. Suppose -3*p = 4*p - w. Calculate the highest common divisor of p and 341.
31
Let q be (-133446)/(-575) - 5/(875/14). What is the highest common divisor of q and 7192?
232
Let p be -1*5/35*-7*2. Suppose -p*n - 5*i = -156, -37 - 23 = -n + 2*i. Calculate the greatest common factor of 119 and n.
17
Let o(y) = 2*y**2 - 7*y - 81. Let c be o(12). What is the highest common divisor of 24 and c?
3
Let w = 1364 - 932. Suppose 40*p - 36*p = w. Let t be ((-3)/(-2))/(p/16 + -6). What is the greatest common divisor of t and 18?
2
Let o(u) = 2*u**2 - 167*u - 107. Let q be o(85). What is the highest common factor of q and 629?
37
Let l = 455 - 450. Let k be 18 + (2 - 0 - l) + 3. Calculate the highest common factor of 342 and k.
18
Suppose 482*c = 633*c - 755. What is the greatest common factor of 386 and c?
1
Suppose 15*m - 11*m = -i + 2838, 4*m = 2*i - 5688. What is the highest common factor of 490 and i?
98
Suppose 114 = 3*i - 0. Let c be (-4)/(-42) + 180445/3171. Calculate the highest common divisor of c and i.
19
Let a = -209695 + 209708. Suppose o = 4*o - 9. Suppose -5 - 73 = -o*m. What is the highest common divisor of a and m?
13
Suppose -1476 = -17*h + 207. Suppose -9*s - 135 = -765. Let b = s - 48. Calculate the greatest common factor of b and h.
11
Let v = 906 + -646. Let s = 277 - v. Suppose f = 2*t + 30 - 11, -81 = -5*f - 4*t. What is the greatest common factor of s and f?
17
Let m = -121 - -116. Let h be (-58)/8*8/10*m. Suppose 0 = s + 5*d - h, 3*s + 0*d = 2*d + 2. What is the greatest common divisor of s and 26?
2
Let l = -4037 - -4099. Calculate the highest common divisor of l and 48.
2
Suppose -61*r + 59*r + 6296 = 2*h, 2*h - 9447 = -3*r. Calculate the greatest common factor of 115 and r.
23
Suppose 3*k - 1 = -7, 5*j - 27 = -4*k. Let g(p) = -10 - j*p + p**2 + 4 + 28 - 5*p. Let s be g(12). What is the greatest common factor of 33 and s?
11
Suppose -5*l + 4 = -3*m - 8, -m = 2*l + 4. Suppose -b = -l*b + 4*b. Suppose b = y + 2 - 10. Calculate the highest common divisor of y and 40.
8
Suppose 3*x = -b + 8*x + 365, -3*b - 7*x = -941. What is the highest common divisor of 6765 and b?
165
Let t be (-111)/(-6) + (-1)/2. Let w = -109 + 117. Suppose 25 = -5*z, -13*z + 35 = 5*p - w*z. What is the highest common factor of t and p?
6
Let l be 2232/(-102) + 4/(-34). Let o(i) = i**2 + 22*i + 6. Let t be o(l). Calculate the greatest common factor of t and 8.
2
Suppose -2*m = -3*m + 10. Suppose 35*v = 36*v - 2. Suppose -r - 4*r = v*w - 80, 4*w - 2*r = 160. Calculate the highest common factor of w and m.
10
Suppose 3*g + 8 = 5*i, -i + 2*g - 12 = -2*i. Suppose 3*l - 2*l = -5*a + 491, 3*a - 4*l = 290. What is the highest common factor of i and a?
2
Let s be -1*(12/2 - 115) - 4. Let r = 25 - 37. Let f = 17 + r. What is the greatest common factor of s and f?
5
Let d = 226 - 219. Let n(s) = 3*s**3 - 4*s**2 + 10*s + 2. Let u be n(3). Calculate the greatest common factor of d and u.
7
Let i be (9/2)/(-3)*920/(-30). Suppose i*a - 8 = 38*a. Let b = 0 - -2. Calculate the highest common factor of a and b.
1
Let g = 426 - 166. Let q = g - 214. Calculate the greatest common divisor of q and 161.
23
Let o(z) = z**2 - 9*z + 24. Let n be o(4). Suppose -157 + 121 = -n*d. What is the highest common factor of 144 and d?
9
Let v be (-18)/48 + (-6262)/(-16). Suppose 5*i = -d + 391, 0 = d - 2*d + i + v. Calculate the highest common divisor of d and 17.
17
Suppose 0 = -165*b + 357*b - 162*b - 450. Suppose -d = 2, 2*d + 2*d = -4*r + 12. What is the greatest common divisor of r and b?
5
Let o be ((-20)/14)/(45/(-1260)). Let n be ((-48)/(-1 + -1))/1. What is the highest common divisor of n and o?
8
Let o(x) = x**2 + 319*x + 5710. Let w be o(-19). Calculate the greatest common divisor of 2115 and w.
5
Suppose 20 = -2*q - 5*y - 0, 0 = -3*q + y + 4. Suppose s - g - 25 = q, g + 2*g = 12. Calculate the greatest common factor of 377 and s.
29
Let i be 1 + (-9)/(-18) + (-6)/4. Let z(l) = l**3 - l**2 + l + 5. Let o be z(i). Let k = o + 0. What is the greatest common factor of k and 40?
5
Let v = -136 - -206. Suppose -90 = -5*f + v. What is the greatest common factor of 4 and f?
4
Suppose 7*t - 40*t = -65736. Calculate the highest common divisor of 36 and t.
12
Suppose -x + 3*g = -10, 2*g - 6 = -2*x + g. Let n(m) = 25*m - 23. Let j be n(x). Calculate the greatest common factor of j and 22.
11
Suppose 2*c - 200 = -3*c. Let l be 584/c - (-2)/5. Let k be (-330)/45*45/(-33). Calculate the highest common factor of k and l.
5
Let u(l) = 2*l**2 + 2*l - 7. Let j be u(-3). Let z = j - 40. Let k = -20 - z. Calculate the highest common factor of 120 and k.
15
Let w(o) = -7*o - 56. Let u be w(29). Let z = u - -427. What is the highest common factor of 42 and z?
42
Suppose 8*g + 41 = -33*g. Let i be (-101 + g)/(8/(-4)). Calculate the highest common factor of i and 323.
17
Let x(t) = -7*t - 4. Let b be x(-4). Suppose 4 = -n, 2*n = 4*r + 227 - 715. What is the greatest common divisor of b and r?
24
Suppose c - 6195 = -5*z + 3*c, -3*z - 4*c + 3743 = 0. What is the highest common factor of z and 146?
73
Suppose -9*l + 112752 = 63*l. Calculate the highest common divisor of l and 2.
2
Let t = -77 + 75. Let v be ((1760/2)/t)/(10/(-10)). Suppose -5*h + 0*h + v = 0. What is the greatest common divisor of h and 22?
22
Suppose -3*h = h - 44. Suppose 4*u - 3*p = -0*u + 339, 4*p = 4*u - 344. Let c = -37 + u. What is the greatest common factor of c and h?
11
Let i = -27211 + 27276. What is the highest common factor of 741 and i?
13
Let r be (-15)/(-60) - 297/(-12). Let o = 49 - r. What is the greatest common divisor of 16 and o?
8
Suppose -2204 = -36*x + 2296. What is the highest common divisor of x and 80?
5
Suppose 3*y - 11*h + 199 - 14334 = 0, h - 4707 = -y. Calculate the greatest common factor of y and 88.
44
Let a be (-7)/(-7) + 2/2. Suppose -11*s - a = -12*s. Suppose j + 0*u = -4*u + 32, -4*j + s*u + 92 = 0. Calculate the greatest common factor of j and 48.
24
Let d be -15*(4/(-6) + 0). Let a = -121952 - -122107. What is the greatest common divisor of d and a?
5
Suppose 4*l + 137 = -5*s, -4*s - 76 + 6 = 2*l. Let o = 43 + l. Let z be o/(-75) - 394/(-30). Calculate the greatest common divisor of 117 and z.
13
Let u be 334 + 12 + (-18)/(-3). Let a = -212 + u. What is the greatest common factor of 105 and a?
35
Suppose 128 = 4*h - 2*t, 4*t = -4*h + 60 + 56. Suppose -d - 117 = 3*m - 830, 0 = -4*d - m + 2852. What is the highest common factor of h and d?
31
Let c(y) be the second derivative of -1/6*y**3 - 23*y + 0 + 9/2*y**2. Let a be c(-7). Calculate the greatest common divisor of a and 64.
16
Let x(u) = u**2 + 36*u - 660. Let p be x(22). What is the highest common divisor of p and 792?
88
Let d = -23109 - -25293. Calculate the greatest common factor of d and 588.
84
Let k(u) = -u**3 - 2*u**2 - u - 4. Suppose -3*f - 5 = 1. Let n be k(f). Let l be 24/(-60)*110/n. What is the highest common divisor of l and 66?
22
Let p = -1486 - -1058. Let v = -228 - p. Suppose -v = -3*t + 124. Calculate the greatest common factor of t and 12.
12
Let s(u) = -85*u - 127. Let x be s(-3). Calculate the highest common divisor of 28 and x.
4
Suppo